{"id":785,"date":"2019-04-15T20:45:13","date_gmt":"2019-04-15T23:45:13","guid":{"rendered":"https:\/\/isfdsabato-crr.infd.edu.ar\/sitio\/?page_id=785"},"modified":"2020-03-30T20:03:03","modified_gmt":"2020-03-30T23:03:03","slug":"plan-de-estudios-4","status":"publish","type":"page","link":"https:\/\/isfdsabato-crr.infd.edu.ar\/sitio\/plan-de-estudios-4\/","title":{"rendered":"Plan de Estudios"},"content":{"rendered":"<p>Plan de estudios:<br \/>\nDenominaci\u00f3n de la carrera: Profesorado de Educaci\u00f3n Especial con Orientaci\u00f3n En D.I.<br \/>\nT\u00edtulo a otorgar: Profesor\/a de Educaci\u00f3n Especial con orientaci\u00f3n D.I. Res.2618\/2015<br \/>\n1 a\u00f1o<br \/>\nOrden\tUnidad Curricular \tR\u00e9gimen \tFormato \tHoras did\u00e1cticas<br \/>\n01\tPedagog\u00eda \tAnual \tMateria \t4 horas<br \/>\n02 \tPsicolog\u00eda Educacional \t1\u00b0Cuatrimestre\tMateria\t5 horas<br \/>\n03\tDid\u00e1ctica General \tAnual \tMateria\t4 horas<br \/>\n04\tLectura y escritura acad\u00e9mica \tAnual\tTaller \t3 horas<br \/>\n05\tHistoria Argentina y Latinoamericana\t2\u00b0Cuatrimestre\tMateria\t3 horas<br \/>\n06\tSujeto de la Educaci\u00f3n Especial \t2\u00b0Cuatrimestre\tMateria\t4 horas<br \/>\n07\tBase Neuropsicobiol\u00f3gicas del desarrollo\tAnual\tMateria\t6 horas<br \/>\n08\tPsicolog\u00eda del Desarrollo\tAnual\tMateria\t4 horas<br \/>\n09\tPr\u00e1ctica I: M\u00e9todos y t\u00e9cnicas de Recolecci\u00f3n\/instituci\u00f3n Educativas. \tAnual\tPr\u00e1cticas Docentes \t6 horas<br \/>\n2 a\u00f1o<br \/>\n10\tHistoria y Pol\u00edtica de la Educaci\u00f3n Argentina\tCuatrimestral\tMateria \t3 horas<br \/>\n11\tSociolog\u00eda de la Educaci\u00f3n \tCuatrimestral\tMateria\t3 horas<br \/>\n12\tMatem\u00e1tica y su Tratamiento Did\u00e1ctico \tAnual \tMateria\t4 horas<br \/>\n13\tLengua y literatura y su tratamiento did\u00e1ctico \tAnual \tMateria\t4 horas<br \/>\n14\tEducaci\u00f3n Psicomotriz \tAnual\tMateria\t6 horas<br \/>\n15\tAtenci\u00f3n Temprana \tCuatrimestral \tMateria\t4 horas<br \/>\n16\tTrastornos del Desarrollo en Sujetos con Discapacidad Intelectual \tCuatrimestral \tMateria\t4 horas<br \/>\n17\tAlteraci\u00f3n del lenguaje en Sujetos con discapacidad Intelectual \tCuatrimestral \tMateria \t4 horas<br \/>\n18\tEducaci\u00f3n Sexual Integral \tCuatrimestral\tTaller \t5 horas<br \/>\n19\tPr\u00e1ctica II: Programaci\u00f3n de la ense\u00f1anza\/curriculum y organizaciones escolares. \tAnual\tPr\u00e1cticas Docentes \t7 horas<br \/>\n3 a\u00f1o<br \/>\n20\tFilosof\u00eda de la Educaci\u00f3n \tCuatrimestral \tMateria \t3 horas<br \/>\n21\tTecnolog\u00edas de la informaci\u00f3n y la comunicaci\u00f3n \tAnual  \tTaller \t3 horas<br \/>\n22\tCiencias Sociales y su Tratamiento did\u00e1ctico \tAnual\tMateria \t4 horas<br \/>\n23\tCiencias Naturales y su tratamiento Did\u00e1ctico \tAnual \tMateria \t4 horas<br \/>\n24\tProblem\u00e1tica Contempor\u00e1neas de la Educaci\u00f3n Especial \tCuatrimestral\tTaller  \t4 horas<br \/>\n25\tAbordajes Pedag\u00f3gicos en Sujetos con Discapacidad Intelectual\tAnual \tMateria  \t4 horas<br \/>\n26\tElaboraci\u00f3n Material Did\u00e1ctico Adaptado \tCuatrimestral\tTaller \t4 horas<br \/>\n27\tAlfabetizaci\u00f3n Inicial\tAnual\tMateria \t4 horas<br \/>\n28\tPr\u00e1ctica III: Coordinaci\u00f3n de grupos de aprendizaje\/evaluaci\u00f3n de los aprendizajes\tAnual\tPr\u00e1cticas Docentes \t7 horas<\/p>\n<p>4 a\u00f1o<br \/>\n29\t\u00c9tica y ciudadan\u00eda \tCuatrimestral\tMateria \t3 horas<br \/>\n30\tTecnolog\u00edas de la Informaci\u00f3n y la comunicaci\u00f3n en la Ense\u00f1anza \tCuatrimestral\tTaller \t4 horas<br \/>\n31\tLenguajes Art\u00edsticos en Sujetos con Discapacidad Intelectual \tAnual \tTaller \t4 horas<br \/>\n32\tEducaci\u00f3n del Adulto y Habilitaci\u00f3n ocupacional \tCuatrimestral \tTaller \t4 horas<br \/>\n33\tIntegraci\u00f3n Escolar \tCuatrimestral\tMateria \t4 horas<br \/>\n34\tE.D.I. \tCuatrimestral \tMateria\/seminario \t5 horas<br \/>\n35\tE.D.I. \tCuatrimestral \tMateria\/seminario \t5 horas<br \/>\n36\tResidencia Pedag\u00f3gica: Sistematizaci\u00f3n de Experiencias \tAnual \tPr\u00e1cticas Docentes  \t12 horas<\/p>\n","protected":false},"excerpt":{"rendered":"<p>Plan de estudios: Denominaci\u00f3n de la carrera: Profesorado de Educaci\u00f3n Especial con Orientaci\u00f3n En D.I. T\u00edtulo a otorgar: Profesor\/a de Educaci\u00f3n Especial con orientaci\u00f3n D.I. Res.2618\/2015 1 a\u00f1o Orden Unidad Curricular R\u00e9gimen Formato Horas did\u00e1cticas 01 Pedagog\u00eda Anual Materia 4 horas 02 Psicolog\u00eda Educacional 1\u00b0Cuatrimestre Materia 5 horas 03 Did\u00e1ctica General Anual Materia 4 horas &#8230; <a title=\"Plan de Estudios\" class=\"read-more\" href=\"https:\/\/isfdsabato-crr.infd.edu.ar\/sitio\/plan-de-estudios-4\/\" aria-label=\"More on Plan de Estudios\">[+]<\/a><\/p>\n","protected":false},"author":17,"featured_media":0,"parent":0,"menu_order":0,"comment_status":"closed","ping_status":"closed","template":"","meta":[],"acf":[],"_links":{"self":[{"href":"https:\/\/isfdsabato-crr.infd.edu.ar\/sitio\/wp-json\/wp\/v2\/pages\/785"}],"collection":[{"href":"https:\/\/isfdsabato-crr.infd.edu.ar\/sitio\/wp-json\/wp\/v2\/pages"}],"about":[{"href":"https:\/\/isfdsabato-crr.infd.edu.ar\/sitio\/wp-json\/wp\/v2\/types\/page"}],"author":[{"embeddable":true,"href":"https:\/\/isfdsabato-crr.infd.edu.ar\/sitio\/wp-json\/wp\/v2\/users\/17"}],"replies":[{"embeddable":true,"href":"https:\/\/isfdsabato-crr.infd.edu.ar\/sitio\/wp-json\/wp\/v2\/comments?post=785"}],"version-history":[{"count":5,"href":"https:\/\/isfdsabato-crr.infd.edu.ar\/sitio\/wp-json\/wp\/v2\/pages\/785\/revisions"}],"predecessor-version":[{"id":848,"href":"https:\/\/isfdsabato-crr.infd.edu.ar\/sitio\/wp-json\/wp\/v2\/pages\/785\/revisions\/848"}],"wp:attachment":[{"href":"https:\/\/isfdsabato-crr.infd.edu.ar\/sitio\/wp-json\/wp\/v2\/media?parent=785"}],"curies":[{"name":"wp","href":"https:\/\/api.w.org\/{rel}","templated":true}]}}